 = 92*v - 15. Let m be 6/(-8) + (-129)/(-12). Is j(m) a composite number?
True
Let c = 69627 - 39628. Is c a prime number?
False
Let w be (-3 - -1)*(-1053)/(-6). Is w/(-81)*(5*37 + -2) composite?
True
Let o(h) = 18*h**2 - 357*h - 10449. Is o(-34) composite?
True
Let a(n) = -9*n + 20. Let o be a(-3). Suppose o*f - 158090 - 150089 = 0. Is f composite?
True
Let l(r) = r**3 + 5*r**2 - 2*r - 5. Let h be l(-5). Is h + 2 + -4 + 3416 a prime number?
False
Let t(u) = u**2 + u - 3. Let l(i) = 6*i - 9*i + 10*i. Let y be l(1). Is t(y) prime?
True
Let b(a) = 21*a + 8449. Let g(x) = 7*x + 2816. Let q(k) = 3*b(k) - 8*g(k). Is q(0) prime?
True
Let j = -199502 - -354325. Is j a composite number?
False
Suppose -5*l = -4*q - 16, 0 = -4*l - l + 2*q + 8. Suppose 2*c = 4*c - 12. Suppose -9*s + c*s + 489 = l. Is s prime?
True
Suppose -2*d + 10770 = -3*t + 783397, -d - 1030161 = -4*t. Is t a prime number?
True
Let k = 1906 + -1903. Let p = 218 + 171. Suppose 0 = 3*l - 7*q + k*q - 223, 5*l - p = -2*q. Is l a prime number?
False
Suppose -f - 5274 = -7*f. Suppose 4*w - b - 1297 + 145 = 0, -3*b + f = 3*w. Is w a prime number?
False
Suppose -20*i - 117411 = -41*i. Is i a composite number?
False
Let p be ((-13)/((-78)/16))/(4/6). Is 8 + -5 + p + 2428 a composite number?
True
Let p(x) = -5729*x + 26. Let c(s) = s**2 - 13*s - 31. Let m be c(15). Is p(m) prime?
False
Let r = -80 + 112. Suppose -2*z + r = 28. Is 964 + z - 2/(-2) a prime number?
True
Suppose -3*b = -204*v + 200*v + 719116, 3*v - 3*b = 539337. Is v a prime number?
True
Let n(z) = z + 1. Let u(x) = -x**3 + 7*x**2 + 8*x - 23. Let r(v) = 3*n(v) + u(v). Let y be r(8). Suppose 0*h = m - y*h - 563, 2*m + h = 1171. Is m composite?
True
Let j(s) = -3416*s - 17. Let g be j(-6). Suppose 2*i = -y + g, i - 2*i = 4*y - 81909. Is y a composite number?
False
Suppose 0*t + 6*t + 18 = 0. Let p(w) = 150*w**2 - 3*w + 4. Is p(t) a prime number?
False
Is (-9)/(-27)*(16/28 - (-16468377)/21) composite?
True
Let w(g) = 2*g**2 + g - 1. Let n be w(1). Suppose o - 8 = n. Is -1574*(o/(-12) + 1/3) a composite number?
False
Let x be (3 - -1)*29/4. Let r(m) = 10*m + 7 + x + 5 - 79*m. Is r(-12) composite?
True
Let w = -288011 + 1146390. Is w composite?
True
Suppose 2*n - 3*o = -2*o + 25, 20 = n - 3*o. Suppose 9 = 5*b - n. Suppose 0 = b*r - v - 2971, 4*r = 4*v + 3530 - 562. Is r a prime number?
True
Suppose -187*w + 168036018 - 154890715 = -328337828. Is w composite?
False
Let o = -3121 - -12919. Suppose 8*u - 98702 = -o. Is u composite?
False
Suppose -32*n + 8 = -30*n. Suppose -4643 + 169 = -b - n*o, b - o - 4474 = 0. Is b prime?
False
Suppose -1274465 - 1724252 = -23*w - 0*w. Is w composite?
False
Is (-94280)/(-15) - ((-4)/(-10) - 124/60) composite?
False
Suppose 3*p + 8 = 5*i - 8, -2*i + 12 = -4*p. Suppose n - i = -n. Let g(a) = 191*a**3 - a**2 + 1. Is g(n) a prime number?
True
Let j(g) = -g - 13. Suppose -12*m = m + 169. Let r be j(m). Suppose 4*l - 5*v - 578 = 0, r = -2*l - 3*l + 4*v + 718. Is l a prime number?
False
Suppose 234*x + 10278004 - 77056222 = 0. Is x prime?
True
Suppose -o = 4, -4*x + 29028 = 2*o - 27896. Is x composite?
True
Suppose 4*a = 6*a + 2*h - 456, -4*a + 915 = 3*h. Is ((-498)/(-12))/(-2 + a/114) a composite number?
True
Let s(w) = -10*w + 90. Let y be s(9). Suppose 3*i = -2*i + 4*z + 86115, y = -5*i + z + 86115. Is i composite?
True
Let j(z) = -12737*z + 556. Is j(-9) prime?
False
Let i = 1697 + -799. Is (-1 + -1)*3/((-12)/i) a composite number?
False
Let j = 50047 + -33714. Is j composite?
False
Is 4920876/54*(-12)/(-8) a prime number?
True
Suppose h + h - 8 = 0. Let o = 1513 + -1014. Suppose -1017 - o = -h*v. Is v a prime number?
True
Let v = 8186 - -230. Let p = -599 + v. Is p prime?
True
Suppose -16*d - 43*d + 11058063 = 2663602. Is d a composite number?
True
Suppose -5*c + 2*i + 5214987 = 0, -3*c + 93*i + 3128990 = 94*i. Is c composite?
False
Let m(n) = -10*n**2 - 5*n - 28. Let r be m(15). Let c = -992 - r. Let q = c - 918. Is q composite?
False
Suppose 810 = 132*i - 51*i. Let u = 48 + -25. Suppose 76 = o + 2*m - u, 2*m - i = 0. Is o a prime number?
True
Let z = 52779 - 19532. Is z a prime number?
True
Let h be (-7)/(-14) - (6/4)/(-1). Suppose h*q + 3 = -x, -q + 2*x - 3 = -4. Is 3*-39*-14 + (q - -2) composite?
True
Let p(w) = -w**2 - 47*w - 170. Let o be p(-4). Let j be 1/(38/18 + -2). Is j + -5 - (-3770)/o a composite number?
False
Suppose 0 = -4*m + 8*m + 3*k - 7, 0 = -4*m + 3*k + 1. Is ((m - -3) + 25)*17 a composite number?
True
Let p be -4*3/(-4)*(-4 + 1). Let j be ((-3)/p)/((-1 - -3)/24). Suppose 4*h = 3*f + 6626, 0 = j*f - f + 6. Is h prime?
False
Is (-1)/((-50)/139440) + (-2)/(-10) a composite number?
False
Let l(c) = -c**3 - 8*c**2 - 8*c + 29. Let y be l(-6). Suppose 0 = -5*j - 15, -3*h + 3460 = 2*h - y*j. Is h prime?
False
Suppose -6*b - 2 = -20. Suppose b*w - 12 = -3*w. Suppose -2*j = w*q - 648, -2*q - 170 = -j + 139. Is j a prime number?
False
Let h be -4 + 1 + -1 - -3. Let i = h + -1. Is (i/3)/(16/(-2712)) prime?
True
Let y = 14111 - 9042. Let r = 12627 - y. Is r a prime number?
False
Suppose -1137 - 2216 = -7*x. Let f = x - 106. Is f prime?
True
Suppose 386*l = 384*l + w + 176849, -2*l = 6*w - 176912. Is l a prime number?
False
Suppose -5*b + 2*l = -552 - 13099, 10919 = 4*b - l. Is b composite?
False
Let v = -52 + 75. Let o(a) = -v*a + 55*a**2 + 4*a - 10 - 52*a**2 - 2*a. Is o(-9) composite?
True
Is -4*(-6)/72 - 1578500/(-30) prime?
False
Let p(g) be the second derivative of 235*g**4/12 + g**3/2 + 3*g**2/2 + 11*g. Let q be p(-2). Suppose 2*r + t - q = 172, 2770 = 5*r + 3*t. Is r a prime number?
True
Let l = -191 + 270. Suppose l*t + 29432 = 83*t. Suppose 12*w - t = 1630. Is w a prime number?
False
Let k(g) = -g + 10. Let n be k(7). Suppose -4*q - 4 = -n*i, -5*i + 7 = -3*q - 7. Suppose 3*b + 3*x - 937 = 2291, b - q*x - 1067 = 0. Is b a prime number?
False
Suppose -5 = 4*s - 21, g = 3*s + 129779. Is g a composite number?
True
Suppose -37*s + 1585253 = -2303336. Is s a composite number?
False
Let b be ((-2)/4)/((2 - 3)/(-27506)). Let m = -6956 - b. Is m composite?
True
Let j be -13*(4 + 35/(-7)). Suppose -j*l - 4689 = -28700. Is l a prime number?
True
Let j(u) = u - 11. Let p be j(13). Let v(y) = y**2 - 7*y + 15. Let q be v(3). Suppose -q*z - 5*t = -1646, z - p*t - 572 = t. Is z composite?
False
Is 1/(-6) + (-4070)/(-444) + 147304 a prime number?
False
Let k be 20/(-8 - -4)*(-6)/15. Is (-1)/k*(-3580 + -6) prime?
False
Let j(o) = -3*o**2 + 7*o - 21. Let z be j(5). Let k = z + 76. Is (k/(-5) - -544) + 0 composite?
False
Let f = -26120 + 37711. Suppose -7597 = -3*y - c, 1066 + f = 5*y + 4*c. Is y composite?
True
Let y = -5501 + 20084. Is y prime?
False
Let b be ((-28)/(-8) + -4)*1*-6. Is 13957 + (-5 - -8) + b composite?
False
Let l = -37 - -40. Suppose 1692 = l*a + b, 2*a + 5*b - 659 - 456 = 0. Is a prime?
False
Suppose -3*b + 1400423 = 3*o - 2*o, -5*b = -o - 2334033. Is b a composite number?
True
Suppose 3*p = -3*r + 229677, 5*r - 5*p + 17971 = 400826. Is r a prime number?
False
Let q = -631 - -629. Is (1811/(-4))/((-5)/(-40)*q) a prime number?
True
Let l(o) = 17*o - 23. Let u be l(-11). Let f = 91 - 174. Let q = f - u. Is q a prime number?
True
Let v be (-169)/(-65) - 10/(-25). Suppose 3255 + 56812 = 4*f - v*b, -b - 75070 = -5*f. Is f prime?
True
Let n(q) = -1004*q - 43. Let m be (24/(-15))/(2/5). Is n(m) composite?
True
Suppose -37*y + 32*y = 20. Let m be 15502/(-14) + (y - (-90)/21). Let q = m + 2674. Is q composite?
False
Let j(f) = -4*f**3 - 322*f**2 - 275*f + 243. Is j(-82) a composite number?
True
Suppose 3*y + 3*m = -1020, m + 3 = 6. Let w be (-4466)/35 - (-2)/(-5). Let i = w - y. Is i prime?
False
Suppose 5*m - 321 = -6*z + 2*z, -2*m + 158 = 2*z. Suppose z*j - 40575 = 59*j. Is j a prime number?
False
Let i(z) = 373*z + 2. Let w(p) = p + 1. Let x = 3 - 4. Let q(d) = x*i(d) - 2*w(d). Is q(-3) a composite number?
True
Is -2*(-1)/(-1) + 1819 prime?
False
Let s(h) = h**3 + 2*h**2 - 16*h - 2. Let g be s(-5). Is 438*g - (3 - 8) a composite number?
False
Let y be 4/6 + 5 + (-140)/12. Let j(v) = v**2 + 5*v - 4. Let q be j(y). Suppose -3*m + 4*m + q*c - 1091 = 0, 3*c - 3267 = -3*m. Is m a composite number?
False
Let l(f) = f**2 - 6*f - 36. Let v = 54 - 52. Let m be (-83)/5 - v/5. Is l(m) a composite num